d 26.
26
Suppose 145*l - 3777 = 3473. What is the greatest common divisor of 190 and l?
10
Let p = 55628 - 55586. Let q be 7/(-1)*(-12 - -1). What is the highest common divisor of p and q?
7
Suppose -366*y + 460 = -346*y. What is the greatest common divisor of 4853 and y?
23
Let u = -5545 + 5581. Calculate the greatest common factor of 774 and u.
18
Let z = 1306 + -1286. Let k(g) = -5*g + 1. Let m be k(2). Let l = m + 17. What is the highest common divisor of l and z?
4
Let f(l) = l**3 - 12*l**2 + l - 43. Let w be f(13). Let r = -104 + w. Suppose -3*o + 25 = 3*p - r, -o = 4*p - 35. What is the greatest common factor of o and 6?
3
Suppose 31*i - 34*i = -6. Suppose i*t = -4*s - 0*t + 52, 95 = 5*s - 5*t. What is the greatest common divisor of s and 9?
3
Let y be (-142)/(-2) + (-180)/36. Let n be -2 - 2 - (-12 + -421). What is the greatest common factor of n and y?
33
Suppose -i + 2*i - 6 = 0. Let d be (-6*(-8)/i)/1. Let j be 7/(-1 + d/4). Calculate the greatest common divisor of j and 7.
7
Let y be (-8 + 5)*(-259)/(-3). Let u be 21/2*(-1 + y/(-21)). Calculate the greatest common divisor of u and 17.
17
Let y(u) = 239*u - 1274. Let w be y(7). What is the highest common factor of 14 and w?
7
Let q be (-4)/(-10)*(212 - -43). Let y = q - 80. Calculate the greatest common factor of 8 and y.
2
Let o(m) = -11*m - 10. Let f be o(-4). Let x = f + -7. What is the highest common factor of 18 and x?
9
Let z(q) = -2*q**3 - 15*q**2 + 4*q + 121. Let p be z(-12). What is the greatest common factor of 185 and p?
37
Let f(u) = 50*u + 8. Let p be f(2). Suppose 3*j + p = 12*j. What is the highest common divisor of j and 180?
12
Suppose 0 = 3*z + 15, 5*y - 5*z + z + 820 = 0. Let f = 182 + y. What is the greatest common factor of f and 14?
14
Suppose 849 = 4*t + 3*a, 5*t - 61*a - 1095 = -58*a. Let h = -184 + t. What is the highest common factor of 256 and h?
32
Suppose 0 = -31*z + 1308 + 180. Calculate the greatest common factor of 1192 and z.
8
Suppose 0 = -6*s + 2*s. Suppose -4*h = -s - 12. Let i be -3 + (-5 - -4)*-4. Calculate the highest common divisor of i and h.
1
Let q(b) = -b**2 + 14*b - 14. Let u be q(6). Suppose 2*h - u = 2*z, 4*h + z - 28 = 2*h. What is the greatest common factor of h and 15?
15
Let k(a) = 174*a**2 + 270*a + 24. Let o be k(14). Calculate the greatest common divisor of o and 156.
156
Let j be 3/((-12)/(-8)) - -29. Let u = 36 - j. Let d = 9 - u. Calculate the greatest common factor of d and 36.
4
Suppose 12*p - 6*p - 24 = 0. Suppose -5*i - p + 19 = 0. Let j be 824/3 - i/(-9). Calculate the greatest common factor of j and 25.
25
Suppose 4*r - 24*r = 37*r - 40356. What is the greatest common factor of 42 and r?
6
Suppose -z - 2636*t + 118 = -2643*t, -4*t + 32 = 0. Calculate the highest common divisor of z and 72.
6
Let w be (-13)/(390/(-2180))*18. What is the greatest common divisor of 2398 and w?
218
Suppose -9 - 9 = -3*l. Let m be ((-87)/9)/(2/l). Let h = -13 - m. What is the highest common factor of h and 80?
16
Suppose a = 1763 - 650. Calculate the greatest common divisor of 105 and a.
21
Suppose -12*n - 1960 - 632 = 0. Let s = 473 + n. Suppose -671 - s = -4*l. What is the greatest common factor of l and 29?
29
Let s(v) = v**3 + 4*v**2 + 6*v + 10. Let i be s(-3). Let f be (-7)/((-28)/88) - (i - 2). What is the highest common factor of 230 and f?
23
Suppose -5*t + 24 = h + 2*h, 0 = -5*t + 15. Let l be (-4 + 1 + 2)*3/h. Let w be (l/(9/(-228)))/(2/3). What is the greatest common factor of 95 and w?
19
Let w = -13092 + 13128. Calculate the highest common divisor of w and 171.
9
Suppose 2*z + 161 + 81 = 4*r, -z - 136 = -5*r. Let l = z - -683. Calculate the greatest common factor of 44 and l.
44
Let r be 6*2/24*-1*-134. Suppose -4*m - 2*z + 626 = -1252, 3*z = -3*m + 1410. Calculate the greatest common divisor of m and r.
67
Let z = 6030 + -6028. Suppose 4*a + 20 = -2*v + 90, 5*v = a + 219. Suppose -z*h = 25 - v. Calculate the greatest common divisor of h and 72.
9
Let t(y) = -y + 1. Let d be t(-4). Suppose 0 = d*z - 694 + 64. Let u be (-150)/(-8) - 4/(-16)*-3. What is the highest common divisor of z and u?
18
Let d = 108 + -61. Let h = d + -44. Suppose 5*l - 50 = -5*u, -20 - 17 = -h*l + 4*u. What is the highest common factor of l and 66?
11
Let b(i) = -43*i + 24*i + 5 + 20*i. Let a be b(-3). Suppose 4*z - 14 = n, a*n - 9 = -z + 5*n. What is the greatest common divisor of z and 4?
1
Let x(q) = 137*q + 5209. Let j be x(-37). Calculate the highest common factor of j and 1540.
140
Let q = -72 + 85. Let m be (2 - -1) + 33/(-11) + q. Suppose 5*i = -32 + 97. Calculate the highest common divisor of m and i.
13
Suppose 3*o = 667 - 19. Suppose -475*g - 465*g + 94*g + 40608 = 0. What is the highest common divisor of g and o?
24
Suppose 0 = 3*w - w + 5*h - 27, -5*w + 125 = h. Suppose 2 = d - w. Let p = 38 - d. Calculate the highest common divisor of 2 and p.
2
Let c be ((-2400)/(-36))/((-6)/(-63)). Calculate the greatest common factor of 84 and c.
28
Suppose -4*i + 5*i = 33. Let x = i + -31. Suppose 8 = x*n, 10 + 6 = b + 3*n. What is the greatest common divisor of b and 6?
2
Suppose -373 = 2*p - 2*l - 5221, 0 = 8*p - 5*l - 19404. Calculate the highest common factor of 4 and p.
4
Suppose 2*g = 3*g. Suppose -b = -g*b. Suppose -3*r - 36 - 11 = -2*m, b = -4*m + r + 69. What is the highest common factor of 32 and m?
16
Let z = 122 + 43. Suppose -14*c + 3*c + z = 0. What is the highest common factor of c and 10?
5
Let n(k) = -k**3 - 11*k**2 - 21*k - 19. Let a be n(-9). Suppose a*b - 140 = 6*b. Calculate the highest common divisor of 42 and b.
14
Suppose 4*z + 20 = 2*c, 4 = 4*c - 8*c - 3*z. Suppose c*r = 5*u + 4*r - 6270, -5*r = -3*u + 3762. What is the highest common divisor of 114 and u?
114
Let p(g) = 3*g**3 - 4*g**2 - 22*g + 21. Let x be p(6). Let l = -343 + x. Calculate the highest common factor of 90 and l.
10
Let y be 2/(-7) - ((-3666)/182 + 8/(-7)). What is the greatest common divisor of 175 and y?
7
Suppose 4*z - 3420 - 3041 = p, -3*p - 8064 = -5*z. What is the highest common factor of 154 and z?
77
Suppose 10*g = 5*g + 25. Suppose -4*y = -g*i - 165, 5*y = 2*i - i + 180. Let k be ((-2)/10)/((-21)/y)*57. Calculate the greatest common divisor of k and 19.
19
Let t(r) = -37*r**3 - 8*r - 9. Let v be t(-4). Suppose 0 = 13*c - 261 - v. What is the highest common factor of 24 and c?
12
Suppose r = 1 + 1, 5*l + 1899 = 2*r. Let n = -358 - l. Suppose -5*q + 6*h = 2*h - 62, 0 = 3*q + h - 44. Calculate the highest common divisor of q and n.
7
Let j = -3081 - -3097. Calculate the greatest common divisor of j and 28.
4
Let k = -129 - -700. Suppose -9*l + 1157 = -k. Calculate the greatest common divisor of l and 256.
64
Suppose 528 = 5*o + 3*b, 2*b + 245 = 2*o + 37. Let f = 4 + -2. Suppose 0*i + f*n = i - 73, 2*n = -i + 53. What is the greatest common factor of o and i?
21
Let o(a) = -86*a - 1680. Let s be o(-25). Calculate the highest common divisor of 658 and s.
94
Let p(j) = -8*j**2 - 956*j - 260. Let w be p(-119). Calculate the highest common factor of w and 10260.
108
Let m = -31 - -87. Let a(t) = t**2 + 62*t + 1289. Let u be a(-51). What is the highest common factor of m and u?
56
Let x be -6 + (5 - 4) + 1. Let u(c) = c**3 + 4*c**2 - c - 1. Let p be u(x). Suppose p*i = 12*i - 27. Calculate the highest common factor of 33 and i.
3
Suppose 391 + 249 = -5*l. Let g be 32/l + 146/8. What is the greatest common divisor of 6 and g?
6
Let x be -4 - (8436/(-21) - (-6)/(-21)). Let i = x - 230. What is the highest common divisor of 48 and i?
24
Let p be (101 - 1) + 6 + -33 + 26. What is the highest common divisor of 2343 and p?
33
Suppose 0 = 3*u + 7 - 22. Suppose -44*v + 3*d = -39*v - 90, 2*d = -10. Calculate the highest common factor of u and v.
5
Suppose 126 + 12 = 3*k. Suppose 2*m + k = 4*m. Let g(x) = 9*x + 126. Let n be g(9). What is the greatest common factor of m and n?
23
Let w be (1/(-2))/(6/2076). Let r = 209 + w. Calculate the highest common factor of r and 27.
9
Suppose -19*p + 4*p + 19710 = 3*p. What is the greatest common divisor of p and 120?
15
Let f(h) = -182*h - 6942. Let i be f(-44). What is the greatest common factor of i and 246?
82
Let u(d) = -d**2 + 8*d + 14. Let s be u(7). Let m = s + -9. Let l = 312 + -180. Calculate the greatest common divisor 